**2 - 3*k - 8. What is t(0)?
-8
Let v(b) = -b**2 + 7*b + 21. Calculate v(10).
-9
Let f(n) = n**3 + 4*n**2 - 2*n - 9. Give f(-3).
6
Let m(o) = -8*o + 10. Give m(-5).
50
Let o(i) = i - 9. Give o(12).
3
Let s(k) = -k**2 - 50. Calculate s(0).
-50
Let p(u) = u**2 + 3*u + 120. Give p(0).
120
Let i(s) = 8*s + 18. Calculate i(5).
58
Let t(u) = u**2 - 17*u + 20. Calculate t(16).
4
Let u(f) = -6*f - 21. Give u(-10).
39
Let n(t) = -13*t - 41. Give n(-8).
63
Let b(y) = 40*y + 4. Determine b(-1).
-36
Let h(k) = k**2 - k - 12. Give h(3).
-6
Let g(l) = -2*l + 2. What is g(0)?
2
Let b(f) = f**3 - 5*f**2 - 16*f + 9. What is b(7)?
-5
Let g(d) = d**2 - 13*d - 12. Determine g(16).
36
Let d(k) = k**2 + k + 5. What is d(0)?
5
Let d(r) = -15*r - 338. Determine d(-23).
7
Let v(x) = 5*x**2 + x. Give v(2).
22
Let v(k) = -20*k**3 + k**2 - k + 1. Determine v(1).
-19
Let u(o) = -3*o**2 - 10*o - 7. Calculate u(-6).
-55
Let z(k) = -k**3 + 11*k**2 - 9. Determine z(11).
-9
Let h(y) = -4*y - 101. Determine h(-24).
-5
Let v(w) = w**3 - 15*w**2 + 14*w - 9. Determine v(14).
-9
Let r(w) = -2*w + 9. Calculate r(5).
-1
Let d(f) = f**3 + 8*f**2 + 8*f + 6. Give d(-5).
41
Let r(m) = -22*m + 3. Determine r(-4).
91
Let z(b) = b. Determine z(5).
5
Let n(v) = v**3 - v**2 - 4*v + 6. Calculate n(-4).
-58
Let v(b) = -b**3 + 14*b**2 - 13*b - 17. Calculate v(13).
-17
Let i(l) = -5*l - 12. Determine i(-7).
23
Let t(j) = 15*j. What is t(3)?
45
Let l(h) = -h**2 - 16*h - 20. Determine l(-14).
8
Let u(g) = 2*g**2 - 6*g - 12. Give u(5).
8
Let y(s) = -s**3 + 18*s**2 - 19*s + 7. Calculate y(17).
-27
Let q(w) = -w**3 - w**2 - 3*w + 3. Give q(1).
-2
Let z(r) = -9*r + 6. Calculate z(6).
-48
Let d(a) = a**3 - a**2 - 10. Give d(0).
-10
Let s(k) = k**2 - 16*k + 9. Calculate s(9).
-54
Let s(x) = -x**2 + 2. What is s(3)?
-7
Let o(v) = -18*v - 15. Determine o(1).
-33
Let j(b) = b**2 + 4*b - 15. Determine j(-6).
-3
Let k(r) = 6*r**3 - 4*r**2 - r - 3. What is k(-2)?
-65
Let y(d) = -d**3 + 7*d**2 - 7*d + 1. Give y(6).
-5
Let m(d) = -45*d - 406. Calculate m(-9).
-1
Let x(r) = -r**3 - 26*r**2 - 47*r + 29. Give x(-24).
5
Let a(j) = -j**3 - j**2 + 8*j + 10. Calculate a(-4).
26
Let k(l) = 16*l + 130. Give k(-9).
-14
Let b(d) = 3*d - 5. Calculate b(0).
-5
Let a(h) = 4*h**2 - 13*h - 13. Determine a(-1).
4
Let t(k) = -4*k - 58. What is t(-17)?
10
Let n(q) = -4*q - 27. Calculate n(-8).
5
Let k(v) = v**2 + v - 2. Determine k(3).
10
Let d(u) = 5*u + 27. Determine d(-6).
-3
Let w(t) = -15*t - 80. What is w(-6)?
10
Let y(r) = -r**2 + 2*r + 5. Calculate y(-3).
-10
Let z(f) = -f**2 - f - 16. Give z(0).
-16
Let p(a) = a**3 + 7*a**2 + 8*a + 2. Calculate p(-7).
-54
Let z(p) = -p**3 - 24*p**2 + 3*p + 58. What is z(-24)?
-14
Let c(q) = -q**2 + 21*q - 10. Determine c(23).
-56
Let t(a) = 2*a**2 + 8*a - 6. Calculate t(0).
-6
Let o(q) = -3*q + 6. Give o(3).
-3
Let o(m) = 2*m - 44. What is o(-20)?
-84
Let i(g) = g - 3. Give i(3).
0
Let z(u) = u**3 - 7*u**2 + 4*u + 6. Give z(6).
-6
Let h(t) = -t**3 + t**2 - 2*t + 4. Calculate h(0).
4
Let u(z) = -2*z - 3. Determine u(8).
-19
Let p(d) = -d**2 - 17*d - 37. Determine p(-16).
-21
Let w(u) = -26*u + 237. Give w(8).
29
Let a(f) = 16*f - 3. What is a(-3)?
-51
Let w(c) = 10*c + 138. What is w(-14)?
-2
Let q(x) = -x**3 - 8*x**2 - 9*x + 9. Calculate q(-7).
23
Let m(d) = d**3 - 4*d**2 + d + 7. What is m(-4)?
-125
Let m(b) = 2*b**2 - 5*b - 11. What is m(7)?
52
Let s(i) = -39*i + 270. Give s(6).
36
Let u(j) = j**2 + 13*j - 12. Give u(-14).
2
Let s(a) = -3*a**2 + a + 2. Give s(-2).
-12
Let f(c) = c**3 + 2*c**2 + c. Give f(-2).
-2
Let c(y) = 4*y - 10. Give c(9).
26
Let u(l) = l**3 + 4*l**2 - 3*l + 7. What is u(-5)?
-3
Let a(u) = -4*u - 37. Give a(6).
-61
Let t(w) = 8*w + 48. Give t(-5).
8
Let g(y) = -y**3 + 8*y**2 - 6*y - 5. What is g(9)?
-140
Let f(c) = -c**3 - 6*c**2 - 10*c - 14. What is f(-4)?
-6
Let c(q) = -7*q**2 + 104*q + 19. What is c(15)?
4
Let z(r) = r**2 + 11*r - 44. Give z(-14).
-2
Let n(d) = -d**3 + 5*d**2 + 3*d - 29. Determine n(4).
-1
Let h(a) = -a**2 + 7*a + 27. What is h(10)?
-3
Let z(l) = -12*l - 12. Calculate z(-12).
132
Let l(z) = 9*z - 130. Calculate l(17).
23
Let a(f) = 12*f**2 + 5*f - 6. What is a(1)?
11
Let r(n) = 2*n + 49. Give r(-18).
13
Let s(l) = -l**3 - 11*l**2 - 12*l + 2. What is s(-10)?
22
Let k(h) = 6*h - 161. Calculate k(27).
1
Let f(q) = q**3 - q**2 - 3*q - 15. Give f(0).
-15
Let u(k) = -16*k - 1. Calculate u(2).
-33
Let w(t) = -8*t - 458. What is w(-59)?
14
Let w(v) = -4*v + 14. Calculate w(19).
-62
Let h(w) = w**2 + 5*w - 5. Calculate h(-5).
-5
Let o(f) = f**2 + 30*f + 136. Determine o(-6).
-8
Let b(n) = -n**2 + 14*n - 9. What is b(6)?
39
Let l(m) = m**2 + 28*m - 25. What is l(-27)?
-52
Let w(g) = g**3 + 8*g**2 + 6*g + 3. Give w(-7).
10
Let l(r) = -6*r - 20. What is l(-5)?
10
Let x(m) = m**2 + 15*m + 8. Give x(-8).
-48
Let m(c) = -c**2 + 9*c + 13. Give m(9).
13
Let z(y) = -2*y**3 - 63*y**2 + 30*y - 68. Calculate z(-32).
-4
Let c(s) = -55*s**3 + s**2 - s. What is c(1)?
-55
Let k(y) = -y**2 - 5*y - 1. Give k(-6).
-7
Let s(r) = -r**3 - 4*r**2 + 2*r + 6. What is s(-4)?
-2
Let g(y) = 7*y - 4. Calculate g(-6).
-46
Let w(z) = -z**3 - 5*z**2 + 3*z + 9. Give w(-5).
-6
Let q(i) = -i - 12. Give q(6).
-18
Let h(g) = 39*g. Calculate h(-1).
-39
Let x(f) = -f**2 + 5*f - 9. Determine x(8).
-33
Let t(s) = s**3 - 6*s**2 - 3*s + 11. Give t(6).
-7
Let i(c) = -10*c + 335. Give i(34).
-5
Let m(v) = 5*v - 5. What is m(-5)?
-30
Let n(r) = -7*r**2 + 3*r + 2. Determine n(-1).
-8
Let q(m) = 16*m - 17. Determine q(7).
95
Let s(a) = -a**3 - 2*a**2 - 6. What is s(0)?
-6
Let r(k) = -24*k**2 - 4*k - 4. Calculate r(-2).
-92
Let h(o) = -o**2 - o - 4. What is h(0)?
-4
Let l(m) = -8*m - 6. Calculate l(-5).
34
Let r(j) = -j - 24. Calculate r(4).
-28
Let x(y) = y**2 - y + 1. What is x(1)?
1
Let r(p) = p**2 - 7*p + 5. Give r(3).
-7
Let m(y) = -19*y + 5. What is m(3)?
-52
Let c(z) = -2*z**2 + 19*z + 48. Calculate c(12).
-12
Let u(r) = -r**2 + 17*r + 9. Calculate u(18).
-9
Let l(j) = j**2 - 18*j + 14. What is l(11)?
-63
Let o(j) = -5*j - 16. Calculate o(-4).
4
Let j(c) = -c**2 - 10*c + 7. Give j(-8).
23
Let y(k) = -2*k + 17. What is y(9)?
-1
Let y(c) = 44*c - 1754. Give y(40).
6
Let g(s) = 4*s**2 - 5*s - 8. Give g(-2).
18
Let l(v) = v**2 + 13*v - 24. Calculate l(-15).
6
Let f(b) = -8*b**2 - 47*b + 1. Determine f(-6).
-5
Let j(k) = -2*k. Determine j(-6).
12
Let r(i) = -11*i + 2. What is r(2)?
-20
Let u(w) = -7*w - 4. Give u(-19).
129
Let l(g) = -g**2 - 11*g + 3. What is l(-11)?
3
Let j(g) = -g**3 + 6*g**2 + 5*g + 4. Give j(7).
-10
Let f(z) = 2*z - 1. What is f(-8)?
-17
Let g(o) = o**2 - 2*o + 24. What is g(0)?
24
Let p(l) = -8*l**3 + l**2 - l - 1. What is p(1)?
-9
Let u(o) = 3*o**2 + 21*o + 6. What is u(-9)?
60
Let k(q) = 3*q - 28. Give k(10).
2
Let q(y) = -y**2 - 22*y - 59. Determine q(-14).
53
Let x(l) = -l**2 + 9*l + 3. Give x(6).
21
Let s(j) = 3*j**2 - 25*j + 3. What is s(8)?
-5
Let t(o) = o**2 + 4*o + 1. Give t(-6).
13
Let l(w) = 2*w**2 + 13*w + 5. Calculate l(-7).
12
Let j(t) = t**3 + 8*t**2 + 5*t - 11. Calculate j(-7).
3
Let a(f) = -f**2 - 11*f - 3. Determine a(-8).
21
Let q(j) = -7*j - 29. Determine q(-12).
55
Let h(m) = -m**2 - m - 7. Determine h(6).
-49
Let u(o) = -4*o**2 - 4*o + 4. What is u(-4)?
-44
Let s(k) = -5*k**2 - k - 1. Give s(-1).
-5
Let j(d) = d**3 + 6*d**2 + 3*d - 11. Calculate j(-3).
7
Let d(u) = -u**2 + 5*u. Determine d(6).
-6
Let v(j) = -j**2 + 8*j - 7. Give v(7).
0
Let z(w) = 3*w + 35. What is z(-13)?
-4
Let d(j) = 2*j**3 + 7*j**2 - 8. Give d(-5).
-83
Let n(s) = 2*s - 53. Calculate n(18).
-17
Let f(r) = -3*r**2 + 15*r - 23. Calculate f(3).
-5
Let n(s) = -5*s. Determine n(1).
-5
Let g(y) = y**2 - 4*y - 27. What is g(7)?
-6
Let t(i) = -4*i - 52. Calculate t(-11).
-8
Let t(p) = -2*p**2 + 17*p - 21. What is t(8)?
-13
Let c(k) = -2*k - 4. Give c(-6).
8
Let x(l) = -l + 1. Calculate x(-8).
9
Let d(w) = -w - 11. Calculate d(5).
-16
Let w(j) = -2*j**2 - 9*j + 22. What is w(2)?
-4
Let z(a) = a**2 - 2*a - 2. Calculate z(-1).
1
Let q(h) = -5*h**2 - 75*h - 13. What is q(-15)?
-13
Let c(n) = -n + 22. Give c(12).
10
Let h(q) = -16*q + 18. Determine h(4).
-46
Let t(l) = 2*l + 36. Give t(7).
50
Let z(u) = 2*u**2 + 17*u + 32. Determine z(-6).
2
Let u(j) = 85*j + 586. What is u(-7)?
-9
Let x(o) = o**